the highest common divisor of 944 and 3376?
16
What is the highest common factor of 30621 and 346?
173
What is the greatest common divisor of 318 and 16344?
6
What is the highest common factor of 810 and 15021?
9
Calculate the greatest common divisor of 3672 and 67422.
102
Calculate the highest common divisor of 7719826 and 1214.
1214
Calculate the greatest common factor of 637728 and 78.
78
What is the greatest common divisor of 22 and 42526?
22
What is the highest common factor of 950 and 28690?
190
Calculate the greatest common divisor of 44 and 25080.
44
Calculate the highest common factor of 644 and 95956.
644
Calculate the greatest common factor of 151877 and 11.
11
What is the greatest common factor of 4769731 and 109?
109
What is the greatest common factor of 382437 and 99?
99
Calculate the greatest common factor of 422 and 5473551.
211
Calculate the greatest common factor of 480 and 126160.
80
Calculate the greatest common factor of 282 and 174558.
282
Calculate the greatest common factor of 151168 and 1181.
1181
Calculate the greatest common factor of 404580 and 165.
165
Calculate the greatest common factor of 1278 and 2414.
142
Calculate the highest common divisor of 1448 and 128.
8
What is the greatest common factor of 8 and 631104?
8
What is the greatest common factor of 197 and 567754?
197
Calculate the highest common factor of 150 and 12510.
30
Calculate the highest common factor of 274 and 3393079.
137
What is the highest common divisor of 19339 and 83?
83
Calculate the greatest common divisor of 210 and 54250.
70
Calculate the highest common factor of 106 and 3554074.
106
Calculate the highest common factor of 116974 and 1227.
409
Calculate the highest common divisor of 256011 and 3.
3
What is the highest common divisor of 68 and 3208852?
68
Calculate the highest common factor of 14 and 1063174.
14
What is the greatest common divisor of 371232 and 288?
288
Calculate the highest common factor of 201 and 5405761.
67
What is the highest common divisor of 6139178 and 12865?
2573
What is the greatest common divisor of 62329 and 1588?
397
Calculate the greatest common factor of 121 and 48455.
11
What is the greatest common divisor of 3196 and 3298?
34
Calculate the greatest common divisor of 40634 and 396.
22
Calculate the highest common divisor of 43008 and 84.
84
What is the greatest common factor of 15 and 139255?
5
What is the greatest common factor of 1540 and 97790?
770
Calculate the highest common divisor of 12240 and 64080.
720
Calculate the highest common divisor of 406 and 80417.
29
Calculate the greatest common divisor of 177 and 4214252.
59
What is the greatest common divisor of 1311 and 897?
69
Calculate the highest common divisor of 516 and 2160.
12
What is the greatest common divisor of 2033 and 17898?
19
What is the greatest common factor of 72886 and 66?
22
What is the highest common divisor of 15300 and 200?
100
Calculate the greatest common factor of 11658 and 16482.
402
Calculate the greatest common factor of 78312 and 3765.
753
What is the highest common divisor of 304 and 11476?
76
What is the greatest common factor of 75 and 176425?
25
Calculate the highest common divisor of 373 and 987704.
373
What is the highest common factor of 130 and 44434?
26
Calculate the highest common factor of 230 and 107755.
115
What is the highest common divisor of 1326 and 15093?
39
What is the greatest common factor of 309 and 4537974?
309
Calculate the greatest common factor of 2852 and 2070.
46
Calculate the greatest common divisor of 48 and 233808.
48
What is the highest common divisor of 48 and 148432?
16
What is the highest common divisor of 330582 and 105?
21
Calculate the greatest common factor of 120409 and 694.
347
What is the greatest common factor of 1956 and 226244?
652
Calculate the highest common factor of 576 and 2578464.
288
What is the highest common divisor of 1470 and 45374?
98
Calculate the highest common divisor of 97704 and 25254.
414
Calculate the highest common factor of 1015 and 46487.
203
Calculate the highest common factor of 18 and 41841.
9
Calculate the greatest common factor of 20 and 3114320.
20
Calculate the greatest common factor of 1199725 and 74.
37
Calculate the highest common factor of 74119 and 44650.
893
Calculate the highest common factor of 440629 and 1729.
133
What is the highest common factor of 855 and 8406?
9
What is the greatest common factor of 408 and 3000?
24
What is the greatest common divisor of 12928 and 416?
32
What is the greatest common factor of 68 and 105604?
68
Calculate the greatest common factor of 199 and 387.
1
What is the highest common divisor of 226868 and 77821?
1319
Calculate the highest common divisor of 935 and 114565.
55
Calculate the greatest common factor of 12 and 93306.
6
Calculate the highest common divisor of 53035 and 10.
5
Calculate the greatest common factor of 14868 and 29652.
84
Calculate the greatest common factor of 159 and 159.
159
What is the greatest common divisor of 1606 and 267983?
73
Calculate the highest common divisor of 81 and 950697.
81
What is the highest common divisor of 12430 and 7040?
110
Calculate the highest common divisor of 103 and 92185.
103
What is the greatest common divisor of 1056 and 22308?
132
Calculate the highest common factor of 148602 and 6.
6
What is the greatest common factor of 186643 and 17?
17
What is the greatest common divisor of 1072970 and 20?
10
What is the greatest common factor of 63 and 19362?
21
What is the greatest common factor of 24931 and 932?
233
Calculate the highest common factor of 12255 and 70680.
285
Calculate the highest common divisor of 1883460 and 45.
15
Calculate the highest common factor of 105289 and 499.
499
Calculate the highest common divisor of 4522 and 23674.
266
What is the greatest common factor of 137 and 411?
137
Calculate the greatest common factor of 160310 and 2185.
115
What is the highest common divisor of 76630 and 20?
10
What is the highest common factor of 209545 and 70?
35
Calculate the greatest common divisor of 81458 and 964.
482
Calculate the greatest common factor of 25393 and 1943.
67
What is the highest common divisor of 3838 and 4902?
38
What is the greatest common factor of 80398 and 2806?
122
Calculate the highest common divisor of 629 and 3672.
17
Calculate the greatest common divisor of 5015 and 157471.
1003
Calculate the highest common divisor of 345 and 2670.
15
What is the greatest common factor of 1975438 and 118?
118
Calculate the highest common divisor of 602 and 411080.
86
Calculate the greatest common factor of 95151 and 92.
23
What is the highest common divisor of 106329 and 402?
201
What is the highest common factor of 11506 and 167360?
1046
What is the greatest common divisor of 936621 and 63?
63
Calculate the highest common divisor of 38270 and 110725.
215
What is the highest common factor of 4237 and 2413?
19
Calculate the greatest common factor of 2678 and 3016.
26
Calculate the highest common divisor of 90 and 282.
6
Calculate the highest common factor of 1868 and 223226.
934
What is the highest common divisor of 270 and 110070?
90
Calculate the highest common factor of 344 and 7568.
344
Calculate the highest common factor of 8905 and 66719.
137
Calculate the highest common divisor of 232442 and 28.
14
Calculate the greatest common divisor of 35 and 5376.
7
Calculate the greatest common factor of 6524502 and 92.
46
What is the highest common factor of 272 and 21964?
68
What is the highest common factor of 286 and 876733?
143
What is the highest common factor of 116 and 51881?
29
What is the greatest common factor of 133908 and 12?
12
Calculate the greatest common divisor of 456 and 520068.
228
What is the greatest common divisor of 2782 and 7982?
26
Calculate the highest common divisor of 272 and 310913.
17
What is the greatest common factor of 7200 and 8?
8
What is the greatest common factor of 10334 and 2?
2
What is the greatest common divisor of 294 and 1403360?
98
What is the highest common factor of 19272 and 528?
264
Calculate the highest common divisor of 864 and 2721.
3
What is the greatest common divisor of 18204347 and 7?
7
Calculate the greatest common factor of 344 and 6214188.
172
What is the greatest common factor of 833 and 4